
Let n(t) = -8*t + 280. Give n(9).
208
Let d(l) = -1039*l - 20795. Determine d(-20).
-15
Let b(r) = -r**3 - 2*r**2 + 45*r + 88. Determine b(7).
-38
Let u(w) = -35*w + 1457. Calculate u(42).
-13
Let w(i) = -59*i - 1182. Determine w(-20).
-2
Let n(t) = -17*t - 256. Determine n(-16).
16
Let f(u) = -2*u**3 - 6*u - 15. Give f(-7).
713
Let a(s) = s**3 + 21*s**2 - 197*s + 5. What is a(7)?
-2
Let w(n) = -77*n + 4940. What is w(64)?
12
Let v(m) = 48*m + 6659. Give v(-140).
-61
Let s(q) = 64*q + 3656. Determine s(-57).
8
Let d(w) = w**2 - 173*w + 2660. Give d(17).
8
Let z(j) = -2*j**2 - 60*j - 1428. Give z(-24).
-1140
Let g(q) = 112*q + 2461. Calculate g(-22).
-3
Let h(c) = 111*c**2 + 50*c + 137. Give h(-3).
986
Let r(y) = -683*y**2 - 4784*y - 13. What is r(-7)?
8
Let r(t) = -532*t - 15972. Give r(-30).
-12
Let d(h) = -40*h**2 + 959*h + 29. Give d(24).
5
Let v(z) = z**2 + 7*z - 203. Calculate v(11).
-5
Let r(x) = 18*x**2 - 89*x - 5. What is r(6)?
109
Let c(m) = m**3 + 37*m**2 + 61*m - 129. What is c(-3)?
-6
Let l(j) = 367*j + 3666. What is l(-10)?
-4
Let t(w) = 523*w - 13040. Give t(25).
35
Let q(h) = h**3 + 115*h**2 - 2*h - 222. Determine q(-115).
8
Let i(z) = z**3 - 27*z**2 + 135*z - 2839. Calculate i(26).
-5
Let y(m) = 10*m**2 - 134*m + 609. Determine y(5).
189
Let p(c) = 1073*c + 30042. What is p(-28)?
-2
Let b(c) = 77*c**2 - 59*c - 139. Determine b(-2).
287
Let l(t) = -t**3 - 50*t**2 - 179*t + 261. Determine l(-46).
31
Let w(a) = -5*a**2 - 75*a - 181. What is w(-12)?
-1
Let j(h) = 3*h + 156. What is j(-19)?
99
Let n(g) = 30085*g + 6. Determine n(0).
6
Let i(p) = -p**3 - 4*p**2 - 16*p - 16. Determine i(-2).
8
Let x(q) = -2*q**2 - 65*q + 203. Give x(3).
-10
Let x(l) = -56*l + 5779. Determine x(101).
123
Let u(p) = p**3 - 25*p**2 - 34*p + 208. Determine u(26).
0
Let s(a) = -45*a - 1855. What is s(-42)?
35
Let f(x) = x**2 - 235*x - 7103. Give f(-27).
-29
Let a(j) = -16*j + 100. Give a(2).
68
Let h(j) = -1523*j + 31976. Determine h(21).
-7
Let f(s) = 1481*s + 97749. What is f(-66)?
3
Let x(q) = -213*q + 653. Determine x(3).
14
Let v(d) = -3*d**2 - 63*d + 41. What is v(-21)?
41
Let v(d) = 12*d - 1799. Determine v(148).
-23
Let b(a) = -a**2 + 24*a - 43. What is b(18)?
65
Let u(v) = 2*v**3 + 30*v**2 - 39*v - 577. Determine u(-15).
8
Let u(g) = 5*g**2 + 289*g - 359. What is u(-59)?
-5
Let i(m) = -3*m**3 + 24*m**2 - 19*m + 81. Determine i(6).
183
Let t(l) = -l**2 - 33*l - 162. Calculate t(-6).
0
Let l(z) = z**3 + 19*z**2 - 19*z - 307. What is l(-19)?
54
Let s(m) = -m**3 + 20*m**2 + 51*m - 1725. Give s(17).
9
Let o(u) = 4*u + 48. What is o(8)?
80
Let d(s) = -7*s**2 - s + 30. What is d(4)?
-86
Let g(v) = 9*v + 12. What is g(-8)?
-60
Let p(y) = -y**3 + 13*y**2 + y - 58. What is p(13)?
-45
Let s(v) = -286*v - 13725. What is s(-48)?
3
Let b(w) = 12*w - 357. Determine b(34).
51
Let p(a) = 44*a**2 + 37*a + 2. Give p(-5).
917
Let o(d) = 529*d - 3708. Determine o(7).
-5
Let y(i) = i**2 - 1557*i + 105500. Give y(71).
-6
Let l(v) = -v**3 - 20*v**2 - 20*v + 6. Give l(-19).
25
Let x(s) = 2*s**3 - 104*s**2 - 331*s + 90. Determine x(55).
35
Let w(p) = -p**3 + 28*p**2 - 192*p + 48. Calculate w(11).
-7
Let f(i) = -4*i - 120. Calculate f(-4).
-104
Let m(p) = -24*p + 394. What is m(18)?
-38
Let k(c) = 6*c**3 + 2*c**2 + 5*c - 9. What is k(2)?
57
Let d(a) = -a**2 + 366*a - 33491. Calculate d(189).
-38
Let j(y) = -5*y**2 - 90*y - 393. Determine j(-6).
-33
Let h(r) = 6*r**3 - 9*r**2 + 6*r. Give h(1).
3
Let i(k) = 277*k - 7208. Calculate i(26).
-6
Let k(v) = -3*v**2 + 295*v - 294. Determine k(1).
-2
Let n(m) = -12*m - 1199. Give n(-98).
-23
Let n(s) = 5*s**2 + 12*s - 36. What is n(4)?
92
Let k(q) = 23*q + 41. Determine k(-2).
-5
Let d(t) = 52*t + 577. Determine d(-11).
5
Let u(d) = d**2 - 61*d - 401. Give u(-6).
1
Let y(s) = 40*s**2 + 42*s + 42. Determine y(-1).
40
Let i(o) = -o**3 - 2*o**2 + 21*o - 670. Calculate i(-11).
188
Let g(r) = -r**3 - 19*r**2 + 46*r - 24. Determine g(-21).
-108
Let d(x) = -x**3 - 10*x**2 - 28*x - 112. Give d(-8).
-16
Let i(c) = 3*c**2 - 1546*c + 9163. Calculate i(6).
-5
Let c(b) = -b**3 - 22*b**2 - 117*b - 199. What is c(-15)?
-19
Let s(a) = -2*a - 7. What is s(16)?
-39
Let b(o) = 2*o**3 + 18*o**2 + 29*o + 49. What is b(-7)?
42
Let x(y) = 2*y**3 + 10*y**2 + 6*y + 22. Calculate x(-8).
-410
Let b(o) = -o**3 + o**2 - 6*o - 25. Give b(-3).
29
Let h(c) = 417*c - 3759. What is h(9)?
-6
Let w(r) = -3*r**2 + 76*r + 69. What is w(26)?
17
Let t(q) = 315*q**3 + 13*q**2 + 17*q + 3. Calculate t(-1).
-316
Let a(m) = -m**2 + 41*m - 175. What is a(32)?
113
Let b(p) = -p**2 + 7*p - 67. Determine b(19).
-295
Let i(p) = -85*p - 855. Give i(-10).
-5
Let o(d) = -260*d - 52. Calculate o(0).
-52
Let k(j) = j**2 - 41*j + 184. What is k(36)?
4
Let q(l) = -25*l**2 + 46*l - 8. Calculate q(3).
-95
Let q(i) = i**3 - 24*i**2 + 31*i - 182. Determine q(23).
2
Let u(b) = 2*b**3 - 3*b**2 - 109*b + 36. Determine u(8).
-4
Let f(c) = -33*c**2 + 401*c - 100. Give f(12).
-40
Let r(y) = 3*y**2 + 308*y + 1772. Determine r(-6).
32
Let w(m) = m**3 + 17*m**2 - 78*m + 12. Give w(-21).
-114
Let b(j) = -6*j + 180. Give b(27).
18
Let d(g) = 67*g + 1013. Give d(-15).
8
Let z(j) = -169*j - 1921. Give z(-12).
107
Let l(y) = -2*y**3 + 214*y**2 - 212*y - 7. Give l(106).
-7
Let z(x) = 16*x + 44. Determine z(6).
140
Let d(a) = a**3 - 6*a**2 - 8*a + 11. What is d(7)?
4
Let f(u) = -u**3 - 9*u**2 - 23*u - 38. Calculate f(-8).
82
Let b(q) = 54*q**3 - 28*q**2 - 17*q - 36. Give b(-2).
-546
Let s(y) = 41*y - 307. What is s(8)?
21
Let b(t) = -178*t - 684. Give b(-4).
28
Let h(a) = 10*a**3 + 23*a**2 + 2*a + 4. Calculate h(-2).
12
Let t(p) = -3*p**3 + 46*p**2 + 30*p + 46. Give t(16).
14
Let u(v) = 45*v**3 - 2*v**2 + 4*v - 3. Determine u(1).
44
Let n(p) = -p**2 + 61*p - 716. What is n(17)?
32
Let m(q) = -735*q - 12512. Calculate m(-17).
-17
Let l(j) = j**3 + 16*j**2 + 5*j - 318. Give l(-14).
4
Let y(b) = 727*b + 36347. Determine y(-50).
-3
Let q(j) = 5*j**2 - 11*j - 64. Give q(-7).
258
Let n(k) = 176*k**2 + 16*k + 11. Give n(-1).
171
Let t(q) = -2*q**3 - 78*q**2 - 72*q + 155. What is t(-38)?
3
Let m(n) = n**2 - 41*n - 389. Give m(51).
121
Let r(w) = -w**2 + w + 4689. What is r(-68)?
-3
Let d(r) = -3*r**3 - 6*r**2 - 2*r + 1. Calculate d(-2).
5
Let r(b) = -133*b**2 - 7*b + 6. Determine r(1).
-134
Let u(p) = 11*p + 108. Determine u(-11).
-13
Let o(f) = -f**3 - 4*f**2 + 35*f + 10. Give o(-8).
-14
Let r(j) = -j**3 - 5*j**2 + 151*j - 14. What is r(10)?
-4
Let w(a) = 20*a**2 + 760*a - 7. Determine w(-38).
-7
Let a(p) = 121*p + 8562. What is a(-71)?
-29
Let t(r) = -192*r - 4838. What is t(-25)?
-38
Let q(m) = -15*m + 168. What is q(-12)?
348
Let y(j) = 5028*j + 45261. What is y(-9)?
9
Let y(l) = l**3 - 2*l**2 - 85*l - 20. Determine y(-8).
20
Let q(o) = -19392*o - 232714. Calculate q(-12).
-10
Let m(l) = l**3 - 21*l**2 + 19*l + 22. What is m(20)?
2
Let s(o) = 156*o + 1044. What is s(-7)?
-48
Let o(g) = 46*g + 2038. Calculate o(-45).
-32
Let v(b) = -51*b + 1186. What is v(25)?
-89
Let h(p) = 4*p**3 - 68*p**2 - 5*p + 96. Determine h(17).
11
Let l(f) = -f**3 - 6*f**2 + 324*f + 2460. Calculate l(-8).
-4
Let j(h) = h**2 - 41*h - 306. Give j(-8).
86
Let o(h) = h**2 + 25*h + 14. Calculate o(-31).
200
Let s(b) = -5*b**3 - 2*b**2 + 4*b + 6. Give s(-2).
30
Let y(i) = 4*i**2 - 553*i - 413. Calculate y(139).
4
Let r(y) = y**2 + 102*y - 883. What is r(-110)?
-3
Let w(i) = 24*i**2 - 2*i + 3. Determine w(-2).
103
Let v(f) = -439*f - 1271. Determine v(-3).
46
Let p(m) = 2*m**2 + m + 155. What is p(0)?
155
Let b(z) = -1309*z + 7829. Determine b(6).
-25
Let b(p) = 3*p**3 - 6*p**2 + 24*p + 12. Calculate b(-7).
-1479
Let m(a) = a**2 - 34*a + 238. What is m(10)?
-2
Let w(j) = -18*j - 174. Give w(-14).
78
Let m(l) = 14*l**2 + 2*l - 27. Give m(0).
-27
Let q(y) = 117*y**2 - 2*y + 1. Give q(-2).
473
Let u(t) = -t**2 - 4*t - 27. What is u(6)?
-87
Let g(y) = -y**3 - 51*y**2 - 79*y - 1509. Determine g(-50).
-59
Let w(o) = o**2 + 32*o + 137. Determine w(-7).
-38
Let n(o) = 59*o**2 - 227*o - 24. Calculate n(4).
12
Let a(c) = c**3 - 27*c**2 + 10*c - 331. Calculate a(27).
-61
Let m(t) = t**3 - 2*t**2 - 19*t + 19. Calculate m(1).
-1
Let p(t) = -21*t**2 - 1091*t + 122. What is p(-52)?
70
Let c(z) = -z**2 + 47*z + 105. Determine c(49).
7
Let g(c) = 10*c**2 -